4 - (3 + -1)
3
Calculate (1 - 0 - 2) + 0.
-1
What is the value of (10 - (1 - -11)) + 5?
3
Calculate 1 + 1 + 14 + (-17 - 2).
-3
Calculate 4 - (8 - (-6 + 16)).
6
Calculate (2 - -1) + -20 + (23 - 6).
0
Calculate -9 + 1 + 3 + (0 - -2).
-3
What is the value of 10 + (-2 - (8 - -1 - 6))?
5
Evaluate 2 - (7 - -3 - 12).
4
Evaluate 3 + -4 + (7 - 4) + -2.
0
Evaluate -10 + (12 - 2 - 0).
0
Evaluate -2 + 1 + -2 - (7 - 5).
-5
What is -3 + 2 + -5 + 2 - -3?
-1
Evaluate -3 + (6 - 4) + 8.
7
What is the value of 7 - (8 + 7 + (-5 - 0))?
-3
What is 4 + -4 + 2 + -3?
-1
What is -11 + 10 - (1 - 0)?
-2
2 + -5 + 2 - 2
-3
(8 - 5) + 0 - (0 + 6)
-3
Calculate -5 - (5 + -2 + -14).
6
What is (4 + -6 - 2) + 1?
-3
(3 - (8 + (-8 - -3))) + -4
-4
Evaluate -6 + 4 - -3 - -1 - 3.
-1
What is the value of (4 - (4 + 2)) + 0 + 1?
-1
Calculate 14 - 2 - 8 - (-1 - -4).
1
Calculate 5 + 8 - (6 - 3).
10
What is 14 - (-9 + 10) - 6?
7
Evaluate 12 + -10 + 1 - -3.
6
What is the value of 1 + -2 + 2 + -5 + 1?
-3
-4 + 0 + 0 + (22 - 27)
-9
What is the value of 4 + -2 + -6 - -8?
4
What is -6 + 5 + 5 - 2?
2
What is the value of -2 - (0 + 0 + -1)?
-1
7 + -4 + -9 - -7
1
What is 0 + 5 + (16 - 20)?
1
What is 0 + 6 + 1 + -3 + -3?
1
Calculate (-3 - 9) + 8 + 1.
-3
Calculate -1 + (-2 - (-8 + 12)).
-7
What is the value of 19 - 22 - (0 + 0)?
-3
What is the value of (4 - 4 - -4) + (7 - 11)?
0
What is the value of 8 - (1 - 0) - (-1 + 3)?
5
Evaluate -5 - (7 + (6 - 15)).
-3
(-11 - -9) + (-1 - 2)
-5
What is the value of -7 + -7 + 8 + 7?
1
What is 0 - (5 - (0 - -4))?
-1
What is -13 - (-4 + -3) - -4?
-2
What is the value of -6 + 4 + (3 - 0) + -1?
0
What is the value of 10 - (2 - -5 - (42 - 36))?
9
What is the value of 3 + (-2 + -5 - -2) + -6?
-8
Calculate 0 - -3 - (-26 - -30).
-1
1 - (4 + (-1 - -2) + 0)
-4
What is the value of -4 + 3 + (3 - 2) + -2?
-2
1 - 9 - (1 + (16 - 17))
-8
What is 6 + 0 + 1 + 0?
7
What is 10 - -1 - 21 - -18?
8
What is 1 + 16 - 21 - (0 + -8)?
4
Calculate 1 + 1 + 0 - (-97 - -101).
-2
What is the value of -2 - ((6 - 4) + -7)?
3
24 + -24 + 8 + -4
4
What is the value of 9 - (-8 + (0 - -20))?
-3
-1 + (0 - (5 - 4)) + 0
-2
Evaluate -8 + 5 + 0 + 1.
-2
What is (-5 - -5 - -5) + 0?
5
-13 + 6 - -8 - 0
1
What is (-1 - -1) + (3 - 2)?
1
What is (6 - (10 - -5)) + (-2 - -7)?
-4
What is the value of -8 + -9 + 9 - -16?
8
Calculate (7 - 5) + (1 - 4).
-1
What is the value of 4 - (-2 + 14 - 3)?
-5
What is the value of (6 - 17 - -8) + 2 + 4?
3
Evaluate (-5 - 4) + 1 - -4.
-4
(0 - -4 - -10) + -3 - 6
5
What is 12 - (-2 + -6) - 12?
8
What is the value of 1 - 1 - -7 - (712 + -709)?
4
What is 15 - (10 + -7) - 5?
7
What is the value of (-16 - (4 - 4)) + 9?
-7
Calculate -1 + -1 + 5 + -3 + 3.
3
What is the value of 15 + -10 + (2 - -3) + -14?
-4
What is 1 - (-9 - -5) - 4?
1
What is 6 - ((21 - 0) + -7) - -7?
-1
Evaluate -10 + 2 + 0 - -1 - -3.
-4
What is 5 - (1 - (0 + 3 + -5))?
2
What is the value of (1 - -3) + 0 + 0 + -3?
1
3 + (-5 + -3 - -3) - -4
2
-10 + 14 + -7 - -7 - -3
7
8 + (-3 + 4 + 2 - 8)
3
What is -2 + 0 - -1 - 3?
-4
Evaluate -1 + -16 + 8 + 3.
-6
What is the value of 13 - (7 - (-11 - -8))?
3
Calculate 6 + -3 - (-2 - (-12 - -6)).
-1
Evaluate (1 - 2 - -2) + 2 + 0.
3
What is -4 + 0 - (24 - 22)?
-6
What is 5 + -7 + 20 + -12?
6
Calculate 4 + (0 - (-8 + -1 + 15)).
-2
4 - (4 - 5) - 1
4
(5 - 3) + -6 + 2
-2
What is the value of -2 + (12 - 14 - (2 + -1))?
-5
What is 2 - (-1 - (0 + -6 + 1))?
-2
Evaluate 7 - 8 - 4 - -5.
0
What is (-1 - (4 - 3)) + 1 - -1?
0
What is the value of 1 + -4 - (-6 - -5) - -2?
0
What is (-3 + 4 + 4 - 8) + 4?
1
Calculate (-2 - -5) + -6 + 0.
-3
What is 6 + -17 + 9 - -10?
8
Calculate -2 + (0 - -13) - (-67 - -72).
6
Evaluate -11 - (-8 - -6 - 3).
-6
Calculate 2 - (-5 + 8 + 2).
-3
Calculate -2 - (-1 - (12 - 5)).
6
What is (9 - 7) + 3 + -1 + -3?
1
(4 - 9) + 8 + (-3 - 1)
-1
What is the value of 5 + -5 + 3 + -1?
2
What is the value of 12 + -12 + (-7 - -3)?
-4
Evaluate 0 - 2 - (0 + (-22 - -30)).
-10
-5 + -1 - (5 - 9 - -2)
-4
Evaluate 8 + -10 - (0 + -2 - -4).
-4
Calculate 0 + (8 - -2) + 7 + -8.
9
Evaluate 4 - (3 + 0 + 2 + 2).
-3
(3 - 3) + 2 - -1 - 1
2
What is -18 + 23 - ((-3 - -2) + 1)?
5
-13 - ((-10 - -11) + -4)
-10
(7 - (-8 + 1)) + -7
7
0 - -3 - (-3 + 9 + 2)
-5
Calculate 3 + 1 + (2 - 5) + -5.
-4
3 + (-8 - (9 - 13))
-1
4 + -1 + -3 + -4
-4
Calculate -2 + -3 - (-6 + -1 - -4).
-2
Calculate -2 - (3 + 0 + -1).
-4
Calculate -1 + 1 - (-10 - -13).
-3
Calculate -1 - (-9 - (-7 + -3)).
-2
8 + -9 + 2 + (-2 - -3)
2
Calculate -11 - -6 - 2 - (-13 - -1).
5
What is the value of -13 + 3 + (19 - 14)?
-5
Evaluate 1 + (3 - 2) + -7.
-5
Calculate -9 + -2 + 7 - -5.
1
9 + (4 - 5 - 2)
6
What is the value of 0 - 3 - (2 + -5 + 3)?
-3
Calculate (-1 - (4 + -9)) + -2 + 2.
4
What is the value of (-1 + 3 - -13) + -4 - 2?
9
Evaluate 0 - (13 - (1 - (-1 - 4))).
-7
-6 - (-2 + 1 - 7)
2
What is the value of -4 - (-1 - (-4 + -1 + 4))?
-4
Evaluate 1 + -1 - (35 - 29) - 3.
-9
(3 - (0 + -6)) + -2
7
What is the value of 0 + (5 + -7 - 3) - -5?
0
Calculate 3 + -14 - -3 - (-4 - 3).
-1
What is 6 - (1 - (-9 + 6)) - 5?
-3
What is the value of -3 - (-3 - ((-7 - -3) + 8))?
4
Calculate 4 + -7 + (-3 - (0 + -5)).
-1
Evaluate 1 + -2 + -8 + -5 + 14.
0
4 + (-9 - -13 - (1 + -1))
8
Calculate 3 - (0 - 3) - (-1 - -6).
1
Calculate -2 + -2 + (11 - 7).
0
What is the value of 1 + -2 - (-70 + 60)?
9
What is the value of (7 - (-9 - -10)) + -2?
4
-2 - (0 - (0 + 4))
2
Calculate (-1 - -1 - (2 + 3)) + 1.
-4
-15 - -17 - (-1 + 1)
2
3 + 1 + -8 - (-8 - 1)
5
Calculate (-1 - (-5 + 7)) + -5 + 10.
2
Calculate (-6 - 1) + 0 + 4.
-3
What is the value of 9 + -9 + -5 + 2?
-3
Calculate -1 + (-1 - -6) + (2 - 5).
1
What is 4 - 7 - (3 - 4 - 5)?
3
Evaluate 1 - 5 - -5 - -3.
4
What is the value of -1 + (3 - (1 + 6))?
-5
-2 - (-4 - (0 - -3 - 5))
0
10 + 9 + -11 - 11
-3
What is the value of (-6 - (-1 + -4)) + -3?
-4
Evaluate 12 + -15 + 2 + -2.
-3
What is the value of 3 + (7 - 11 - -5)?
4
(4 - -2) + -4 + -4
-2
Calculate 7 + -6 - (5 + -2 + 1).
-3
What is the value of (-2 - -3) + (28 - 25)?
4
Calculate 1 - 3 - (70 - 67).
-5
What is the value of 3 + 5 + -5 - 5?
-2
Calculate -7 + 3 + 1 - -2.
-1
What is 3 - 6 - (-1 + 1 + -1)?
-2
Calculate (1 - -1) + 0 + -6 + 10.
6
What is the value of -6 + (2 - (1 + (-5 - -3)))?
-3
Evaluate (3 - 1 - -4) + (2 - 3).
5
Calculate 16 + -15 - (-1 + 1).
1
Evaluate 3 - (1 - (-21 + 13)).
-6
What is (-4 + 4 + 5 - 5) + -3?
-3
Calculate 7 - 4 - -1 - 0.
4
Evaluate (-123 - -118) + (9 - -1).
5
(-3 + -3 - -15 - -1) + -6
4
What is 14 + -1 - (-13 + 21)?
5
2 + -3 + -2 + 0 + 0
-3
3 - (-3 - 0 - -8)
-2
Calculate -6 + 0 + (4 - (3 + 0)).
-5
Calculate (3 + -2 - 0) + (11 - 11).
1
Evaluate 3 + -2 + -2 + -1 + 6.
4
Evaluate 14 - (14 + -6) - 3.
3
What is (4 + 0 - -1) + 308 + -309?
4
(-2 - 0 - 2) + 1 + 5
2
What is the value of -4 - (6 - 14) - 5?
-1
Evaluate -33 + 30 + (-2 - -1).
-4
Calculate 8 - (-2 - (2 + -3 - 4)).
5
Evaluate 3 - (10 - 2) - (7 + -9).
-3
7 - (-1 - (1 - -2) - -7)
4
What is (-4 - (-9 - -5)) + 4?
4
What is (2 - (-4 + 11)) + (-1 - -9)?
3
Evaluate -5 + (-11 - -4) + 18.
6
Calculate -16 - (-5 + -7 + 3).
-7
What is the value of 3 + (0 - (5 - (-5 - -5)))?
-2
Calculate 2 - -9 - (12 + -5).
4
Calculate -1 - -4 - (67 - 63).
-1
What is -6 + (5 - (-10 + 6))?
3
Evaluate -98 - -96 - (2 + (-1 - 3)).
0
Evaluate (3 - (0 - -7)) + (-3 - -5).
-2
What is 4 + (-7 + 4 - 2) - -6?
5
What is the value of 18 - 14 - (7 + 4)?
-7
What is 0 + 9 + -1 + -3?
5
Calculate 5 + -4 + 0 + 5.
6
What is the value of -1 + -1 + (0 - -1)?
-1
Calculate -2 - (1 + 3 + -4 - 2).
0
-3 + (8 - (4 + -1))
2
What is the value of (0 - -2) + 10 + -13 + 4?
3
(4 - -1) + (-19 - -12)
-2
Evaluate -6 - ((-5 - 1) + (-1 - -1)).
0
Evaluate 0 - (3 + -5 - -4).
-2
What is 2 + 4 + -1 - (-2 + 2)?
5
Evaluate -5 - (1 - 3 - (4 - 4)).
-3
What is 3 - (-3 - (0 + -1 + 0))?
5
Evaluate 2 + (0 - -10) + -16.
-4
What is the value of 4 + 1 + 3 + -5?
3
What is -1 - (2 - 2) - (52 + -55)?
2
Calculate -2 - (2 + -8 + 1).
3
Calculate 0 + -1 + 2 - -2.
3
Evaluate 11 - (-12 + 12) - 13.
-2
Calculate (18 - 23) + 2 + (5 - 2).
0
Calculate 2 + -5 + -2 - (9 - 7).
-7
Calculate -2 - (-1 - ((1 - 2) + -1)).
-3
What is 6 - -2 - 8 - (0 + -4)?
4
What is -5 + (-3 - (2 - 5))?
-5
Calculate (-8 + 2 - (-6 - 0)) + 6.
6
Calculate -6 + (-8 - -15) + 9.
10
Calculate -6 - (-6 + 8 + (0 - 6)).
-2
What is (-8 - -4) + (